 + 0).
20
What is 8 + -40 + 12 - -13?
-7
Evaluate -3 - (-7 - -19) - (41 + -32).
-24
What is -4 + 8 - (-19 - -19)?
4
Evaluate -2 + 0 + 4 + (-3 + 8 - 11).
-4
What is 9 - 1 - (62 + -61)?
7
Evaluate (0 + 12 - ((-3 - -9) + -7)) + -7.
6
What is (428 - 414) + 2 + -30?
-14
What is the value of 48 - ((-32 - -49) + (6 - 3))?
28
Evaluate 0 - -4 - (0 - 3) - (1 + 0).
6
-24 + 26 + -28 + 10
-16
What is the value of 2 + (-19 - -7 - -17) + (2 - -12)?
21
What is the value of 16 + -12 + -2 + 2 + -3 + -1?
0
What is the value of 2 - (-2 + -2) - ((23 - 26) + 28)?
-19
19 + -11 + -2 + 6
12
What is -9 - ((-1 - 6) + -4 - -13)?
-11
212 + -201 - (28 + -1)
-16
Evaluate -7 + (9 - 17) + 8 - -14.
7
Evaluate 11 - (-10 - (-8 - 15) - -10).
-12
(-1 - 6) + (-9 - (8 - 27 - -13))
-10
(-18 + 9 - -24) + -13
2
Evaluate 29 + 4 + -9 + -1.
23
What is 16 - (18 + 2 + 3 + -17)?
10
142 + -119 - (41 + 1)
-19
What is the value of -73 - -59 - (-18 + 2)?
2
-6 - (4 + 8 + -6)
-12
Evaluate (5 - 3) + -25 + 9 + (6 - -2).
-6
What is -48 - (-4 - (13 + 11))?
-20
What is the value of -1 + (12 - 1) + (-93 - -92)?
9
Calculate -3 - -3 - (-18 + -1 - (12 + -10)).
21
(-43 - -53) + -22 + -5 + 0
-17
What is -13 + (32 - 4) - (5 + 1 + -3)?
12
Evaluate -5 + (6 - -5) + (-4 - (8 - -27)).
-33
What is 1 - 3 - ((-17 - -19) + (-2 - 3))?
1
What is 44 + -4 - ((-20 - -25) + 8)?
27
What is -4 + 7 - (4 - -3) - -4?
0
Evaluate -8 + 5 + 14 + -11.
0
-17 - (-41 + 31 - (3 + 38))
34
What is the value of 16 + -3 + (-51 + 54 - (3 - 2))?
15
Evaluate -11 + 8 + 102 + -78.
21
Evaluate -12 - -9 - (2 - 2) - 10.
-13
Evaluate 3 + -1 + (8 - 11) - (-2 - 1).
2
What is the value of -3 - -4 - -15 - (4 + -12 - -12)?
12
Evaluate -18 - ((12 - 12) + -5).
-13
What is the value of -1 + -3 + (17 - 3) + 61 + -57?
14
What is 14 - (-3 + 5 + 3)?
9
Evaluate -1 - (24 + -12 + -1).
-12
3 + (-15 - ((2 - -6) + -8))
-12
Evaluate (-10 - 0) + (-9 - -30) + -21 - -4.
-6
What is (-33 - 0) + -4104 + 4137?
0
Calculate 48 + (-15 - -42) + -45.
30
-33 + 28 + (-3 - -8) + 27
27
What is the value of -12 - (-3 + 12 - (-4 - -4 - -50))?
29
(-10 - -13) + 23 - (0 + 11)
15
What is the value of (13 - 14 - (11 - 2)) + (7 - 0)?
-3
What is the value of 14 + -3 - -1 - 24 - -30?
18
What is the value of 11 + (5 + -4 + 1 - 9 - 5)?
-1
What is 5 - ((8 - 12) + 8 + -3) - 14?
-10
(4 + -1 - 1) + (-19 - (-21 - -12))
-8
Calculate -8 + (48 - (21 + 12)).
7
Evaluate 501 + -498 + -2 + 1 + 9.
11
Evaluate (-31 - -41) + -22 + 6.
-6
What is 36 + (-49 - (-36 - -13))?
10
Calculate (35 - (18 + 13)) + 1 + 5.
10
Evaluate 34 + -12 - (-13 + 2 + 11).
22
What is -1 + 15 + -10 + 3 + -2 + 4?
9
Calculate (-87 - -84) + -10 + 2 - (3 - 1).
-13
(24 - -8) + -14 + -7 + 13
24
What is the value of (6 - 5) + (3 - 8)?
-4
Evaluate (3 - (-3 + 2 + 11) - -4) + 13.
10
Calculate 24 - 4 - 18 - (-2 + (19 - 1)).
-14
Evaluate -361 + 364 - (-2 - (-1 + 1) - -7).
-2
What is -13 - (-29 + 4 + 1)?
11
What is 15 + (-11 - -4 - -1 - (10 + -16))?
15
What is the value of 22 + (-11 - (-16 + 13))?
14
What is the value of -1 - 11 - (-23 - (4 + 2))?
17
-19 + (18 + (-2 - 12) - 9)
-24
What is the value of 8 - (-9 + 7 + 7 + 2)?
1
Calculate 7 + -2 - -12 - (10 + 0).
7
Evaluate 9 + 1 - (15 + 4 + -21).
12
Calculate 121 - 132 - (-3 - 14).
6
What is 415 + -397 + (-1 - 1)?
16
What is (12 - (1 - -3)) + 4?
12
(0 - -2) + (-12 - -5) + -7 + 17
5
What is 9 - (-8 + (6 - (-18 + 5)) - -6)?
-8
What is 13 + -23 - (-8 + -4 - 4)?
6
What is the value of 12 - 7 - (0 + -9 - 12)?
26
What is 4 + ((-4 - -1) + (-1 - -6) - 5)?
1
Calculate 5 + (-7 - (2 - -7 - 10)) + -27.
-28
What is -27 - (14 + -13 - 19)?
-9
-10 - (3 + (-19 + 6 - 6) + 12)
-6
What is -8 + (10 - (4 + -5)) - (-3 + -2)?
8
Evaluate -19 - -11 - (-2 - 1).
-5
Calculate -3 + -6 + 7 + (-8 - (5 - 4)).
-11
Evaluate 8 + (-26 - -22) + -2 + 1.
3
Calculate -19 + (13 - 22 - -15).
-13
What is the value of (6 - (24 + -7 + -7)) + (-4 - 1)?
-9
40 - (16 - (12 + -16))
20
What is the value of 0 + 3 - ((7 - 6 - 6) + 1)?
7
What is the value of 4832 + -4834 + (-1 - -1 - 15)?
-17
15 - (8 - 3 - (5 + -1))
14
What is -12 + 6 + -3 - -14?
5
Evaluate 12 + (-30 - (-13 + 3)).
-8
Evaluate 4 - (0 - (5 + (-6 - 1) - -1)).
3
-1 + 18 + -2 - 4
11
What is the value of 2 - ((10 - 22) + 28)?
-14
Calculate 10 + (4 - (3 + -6 + 8 + -2)).
11
Evaluate -3 + (-1 - (6 + -6)) + -6.
-10
Evaluate 7 - (4 - (-6 + -1)).
-4
What is -138 + 151 + -9 + -8?
-4
What is 10 + -4 + (15 - 9 - 3)?
9
-7 + (2 - (36 + -20))
-21
Calculate -6 - (-11 + 7 + 13 + -2).
-13
Evaluate -1 - -4 - (-2 + (8 - (14 + 3))).
14
Calculate (11 - 24) + -4 + 15.
-2
What is the value of -16 + (-30 - -19) - -52?
25
What is 9 - 0 - (-28 + 10 - -32)?
-5
What is -6 - 1 - (49 + -47)?
-9
Evaluate 9 - (7 + (1 - (-18 + 8 + -10))).
-19
-1 + 8 - (40 - 27) - (3 + -33)
24
What is (10 - 20 - -1) + -3 + (11 - 0)?
-1
Evaluate 9 - (-1 - (-2 - 1 - (1 - 7))).
13
Evaluate (-2 + -6 - (-36 - -34)) + 11.
5
52 + -28 - (3 + -5 + 12)
14
Calculate 2 - (-10 - -15 - (-4 + -1)).
-8
Calculate -18 + (-15 - -19 - -15 - -25).
26
What is the value of (-1 - -25) + -10 - 4?
10
What is the value of 45 - 40 - 9 - (1 + -17)?
12
15 + (3 - -14) + -6 + -9
17
Evaluate -5 + -2 + 2 + -3 - (29 - 33).
-4
What is the value of 3 - -9 - (14 + -14 - -8)?
4
-2 + (-2 - -16) - (124 - 122)
10
What is the value of 32 + -46 + 3 + -3?
-14
What is 0 - (11 + -2 + -1 + (2 - 1))?
-9
Calculate 11 + (7 - 14) - -5 - 1.
8
What is the value of -2 - -2 - (16 + -11) - -8 - 11?
-8
What is -416 + 425 - (3 + -5 - 0 - -9)?
2
Calculate 7 + -17 + 7 + 1 + 2.
0
What is the value of (6 - -7) + 41 + -32?
22
What is 4 + (2 - -9 - 4 - (-17 - -10))?
18
(10 - -1 - -12) + -13
10
What is the value of (1 - 16 - (-51 + 39)) + -6?
-9
Calculate (-33 - (-1 + -13)) + 9.
-10
What is 7 + -11 + 4 + 23 - 9?
14
Evaluate -29 - ((-10 - 1) + (156 - 153)).
-21
What is -12 + (32 - 25) + 4?
-1
What is -1 + -16 - (228 + -260)?
15
Calculate 1 + (1 - -19) + 6 + 2 + -6.
23
What is the value of 1 + 13 + 8 + (-35 - -29)?
16
Evaluate -2 - -13 - 13 - (-3 + 1).
0
What is (-2 - -20) + (0 - (-10 - (-30 - -12)))?
10
Evaluate 18 - (9 + -23 - -7 - -13).
12
What is the value of 6 + (5 - 3 - 9) - 9?
-10
Calculate 10 - 4 - 22 - -30.
14
4 - (4 - 6) - 9 - (5 - 5)
-3
What is 34 - (21 + 4 - 26)?
35
Evaluate -5 + -4 + 0 + (177 - 176).
-8
What is the value of 18 + 24 + -30 + -29?
-17
What is 13 + (-25 - (-55 + 31))?
12
What is 4 + 7 - (9 - 0) - 2?
0
What is -11 + 8 + 0 - (-8 + 4)?
1
What is -12 + (-7 - 0 - 4 - -36)?
13
What is the value of 0 - 44 - (-622 - -576)?
2
Evaluate 5 + (-7 - (-2 + (-12 - 0))) - -11.
23
Calculate -5 + (12 - (-13 - -2) - 9) + -12.
-3
What is the value of 28 - 38 - ((-16 - -3) + 5) - 5?
-7
What is the value of -4 + -9 + (10 - 11 - (-1 - 5))?
-8
What is the value of -1 + -1 + (-1 + 0 - (-18 - -20))?
-5
Calculate (-1 - -12) + 4 + -25 + 42 - 10.
22
What is 14 - 27 - (-5 - (7 - 13))?
-14
Calculate (2 - -1) + -12 + -1 + 12 - 1.
1
What is (0 - (0 - -2)) + (3 - (-28 - -35))?
-6
1 + 4 + 4 + -3 + 3 + 2
11
Calculate 10 - 0 - (-16 + (41 - 38)).
23
(2 - 3) + (16 - -13) + -15
13
Evaluate -5 + -23 + 23 - (-1 - 2).
-2
What is the value of 2 - (15 - 4 - (5 + 1))?
-3
What is the value of 0 - 0 - (-102 + 112) - 8?
-18
-110 - (-93 + 23) - (-8 + 0)
-32
-2 + (-5 - (5 + -8)) + 5
1
Evaluate (-8 - (22 - 12 - 13)) + 28.
23
Calculate -6 + (-5 - 2 - (-14 - 3)) + 3.
7
0 + (-8 - -1) + (15 - 8)
0
Evaluate 4 - (-6 + 8 + 7) - (0 + -1).
-4
Evaluate -24 + 35 - (-2 + (0 - -3) + 4).
6
Evaluate -24 + -26 + 66 + -13.
3
Calculate 16 - (1 + 12) - (-4 - -31).
-24
Calculate 35 - 29 - (9 - 0 - 3).
0
What is (12 - 5) + (-3 - -1) + 7?
12
What is (-38 - -27) + -13 + 24?
0
What is the value of 44 - 39 - (-4 - 4 - (-6 - -2))?
9
What is -6 + (13 - (-5 - -7))?
5
What is (-27 - ((-15 - 0) + -1)) + -9 + 4?
-16
46 + 29 + -92 + 45
28
What is (38 - (4 - -17)) + -6?
11
21 + (-17 - (19 + -35))
20
Evaluate (25 - -2) + -15 - -10.
22
Calculate 50 - (52 - 18) - (2 - -29).
-15
-28 - ((21 - 12) + -20)
-17
Evaluate 5 + -7 - (17 + -25 + 8).
-2
Evaluate -1 + 7 - (7 + -3 + -1 + -3).
6
Evaluate -19 + (-9 - (-11 + 7 + -8)).
-16
Evaluate -14 + (10 + 1 - 11) + 27.
13
2 - 6 - (101 - 103)
-2
Evaluate 1 - (0 + 5 + (-1 - -1)).
-4
What is the value of (-1 - 2) + (-72 - (-23 - 33))?
-19
Evaluate 7 - ((-8 - -31 - 3) + (-8 - -2)).
-7
46 + -27 + -22 + (2 - -2)
1
What is -9 + 5 + -7 + (